{"id":2332,"date":"2025-07-11T21:09:20","date_gmt":"2025-07-12T00:09:20","guid":{"rendered":"https:\/\/isfdyt134-bue.infd.edu.ar\/sitio\/?page_id=2332"},"modified":"2025-07-18T20:06:24","modified_gmt":"2025-07-18T23:06:24","slug":"nivel-secundario-2","status":"publish","type":"page","link":"https:\/\/isfdyt134-bue.infd.edu.ar\/sitio\/nivel-secundario-2\/","title":{"rendered":"Nivel secundario"},"content":{"rendered":"\n<div class=\"wp-block-columns is-layout-flex wp-container-5\">\n<div class=\"wp-block-column is-layout-flow\">\n<p class=\"has-text-align-center\" style=\"font-size:45px\"><strong>Nivel secundario<\/strong><\/p>\n\n\n\n<figure class=\"wp-block-image size-large\"><img decoding=\"async\" loading=\"lazy\" width=\"1900\" height=\"1086\" src=\"https:\/\/isfdyt134-bue.infd.edu.ar\/sitio\/wp-content\/uploads\/2025\/07\/nivelsecundario1-1900x1086.jpeg\" alt=\"\" class=\"wp-image-2334\" srcset=\"https:\/\/isfdyt134-bue.infd.edu.ar\/sitio\/wp-content\/uploads\/2025\/07\/nivelsecundario1-1900x1086.jpeg 1900w, https:\/\/isfdyt134-bue.infd.edu.ar\/sitio\/wp-content\/uploads\/2025\/07\/nivelsecundario1-1000x572.jpeg 1000w, https:\/\/isfdyt134-bue.infd.edu.ar\/sitio\/wp-content\/uploads\/2025\/07\/nivelsecundario1-768x439.jpeg 768w, https:\/\/isfdyt134-bue.infd.edu.ar\/sitio\/wp-content\/uploads\/2025\/07\/nivelsecundario1-1536x878.jpeg 1536w, https:\/\/isfdyt134-bue.infd.edu.ar\/sitio\/wp-content\/uploads\/2025\/07\/nivelsecundario1.jpeg 2048w\" sizes=\"(max-width: 1900px) 100vw, 1900px\" \/><\/figure>\n\n\n\n<p><\/p>\n\n\n\n<p><strong>En el nivel secundario acompa\u00f1amos a los adolescentes en una etapa clave de su formaci\u00f3n, brindandoles herramientas acad\u00e9micas y personales para construir su futuro. Promovemos la responsabilidad, el compromiso y el pensamiento cr\u00edtico en un entorno que valora la diversidad, el di\u00e1logo y la construcci\u00f3n colectiva del conocimiento.<\/strong><\/p>\n\n\n\n<p class=\"has-text-align-center\" style=\"font-size:34px\"><strong>Autoridades<\/strong><\/p>\n\n\n\n<div class=\"wp-block-columns is-layout-flex wp-container-3\">\n<div class=\"wp-block-column is-layout-flow\">\n<p class=\"has-text-align-center\"><strong>Mar\u00eda Eugenia Bozzone<\/strong><br>Directora<\/p>\n<\/div>\n\n\n\n<div class=\"wp-block-column is-layout-flow\">\n<p class=\"has-text-align-center\"><strong>Natalia Gandini<\/strong> y <strong>Marisa Morales<\/strong><br>Vicedirectoras<\/p>\n<\/div>\n<\/div>\n<\/div>\n<\/div>\n\n\n\n<figure class=\"wp-block-image size-full\"><a href=\"https:\/\/www.instagram.com\/secundaria3lincoln?igsh=MXlwZGRidnZ5djls\" target=\"_blank\" rel=\"noreferrer noopener\"><img decoding=\"async\" loading=\"lazy\" width=\"1002\" height=\"273\" src=\"https:\/\/isfdyt134-bue.infd.edu.ar\/sitio\/wp-content\/uploads\/2025\/07\/image.png\" alt=\"\" class=\"wp-image-2379\" srcset=\"https:\/\/isfdyt134-bue.infd.edu.ar\/sitio\/wp-content\/uploads\/2025\/07\/image.png 1002w, https:\/\/isfdyt134-bue.infd.edu.ar\/sitio\/wp-content\/uploads\/2025\/07\/image-1000x272.png 1000w, https:\/\/isfdyt134-bue.infd.edu.ar\/sitio\/wp-content\/uploads\/2025\/07\/image-768x209.png 768w\" sizes=\"(max-width: 1002px) 100vw, 1002px\" \/><\/a><\/figure>\n","protected":false},"excerpt":{"rendered":"<p>Nivel secundario En el nivel secundario acompa\u00f1amos a los adolescentes en una etapa clave de su formaci\u00f3n, brindandoles herramientas acad\u00e9micas y personales para construir su futuro. Promovemos la responsabilidad, el compromiso y el pensamiento cr\u00edtico en un entorno que valora la diversidad, el di\u00e1logo y la construcci\u00f3n colectiva del conocimiento. Autoridades Mar\u00eda Eugenia BozzoneDirectora Natalia &#8230; <a title=\"Nivel secundario\" class=\"read-more\" href=\"https:\/\/isfdyt134-bue.infd.edu.ar\/sitio\/nivel-secundario-2\/\" aria-label=\"More on Nivel secundario\">[+]<\/a><\/p>\n","protected":false},"author":1615,"featured_media":0,"parent":0,"menu_order":0,"comment_status":"closed","ping_status":"closed","template":"","meta":[],"acf":[],"_links":{"self":[{"href":"https:\/\/isfdyt134-bue.infd.edu.ar\/sitio\/wp-json\/wp\/v2\/pages\/2332"}],"collection":[{"href":"https:\/\/isfdyt134-bue.infd.edu.ar\/sitio\/wp-json\/wp\/v2\/pages"}],"about":[{"href":"https:\/\/isfdyt134-bue.infd.edu.ar\/sitio\/wp-json\/wp\/v2\/types\/page"}],"author":[{"embeddable":true,"href":"https:\/\/isfdyt134-bue.infd.edu.ar\/sitio\/wp-json\/wp\/v2\/users\/1615"}],"replies":[{"embeddable":true,"href":"https:\/\/isfdyt134-bue.infd.edu.ar\/sitio\/wp-json\/wp\/v2\/comments?post=2332"}],"version-history":[{"count":6,"href":"https:\/\/isfdyt134-bue.infd.edu.ar\/sitio\/wp-json\/wp\/v2\/pages\/2332\/revisions"}],"predecessor-version":[{"id":2382,"href":"https:\/\/isfdyt134-bue.infd.edu.ar\/sitio\/wp-json\/wp\/v2\/pages\/2332\/revisions\/2382"}],"wp:attachment":[{"href":"https:\/\/isfdyt134-bue.infd.edu.ar\/sitio\/wp-json\/wp\/v2\/media?parent=2332"}],"curies":[{"name":"wp","href":"https:\/\/api.w.org\/{rel}","templated":true}]}}